be ((-2)/(-6))/(6/(-72)). What is the hundreds digit of (-28535)/(-91) + q/7?
3
Suppose 0 = -0*q + 5*q - 8245. Suppose -377 = -4*r - q. What is the tens digit of ((-9)/27)/(2/r)?
5
Suppose -329*d + 84823 = 4*y - 328*d, -5*y = 5*d - 106010. What is the units digit of y?
7
Let x = 17 + -14. Suppose 4*l - 13 + 101 = 5*m, -3*m = -x*l - 54. Let i(k) = -k**3 + 17*k**2 - 13*k + 1. What is the units digit of i(m)?
9
Let h(w) = -25 - 7 - 235*w + 16. What is the tens digit of h(-2)?
5
Suppose -230*l + 41 = -229*l. Suppose -54444 = -l*s + 2*s. What is the hundreds digit of s?
3
Let l(r) = 109*r - 113. Let x be l(4). What is the tens digit of (-2)/19 + 18445/x?
5
Suppose v = 21504 - 3306. What is the ten thousands digit of v?
1
Let n(f) = 812*f + 2814. What is the units digit of n(8)?
0
Let h = 17672 + 51625. What is the hundreds digit of h?
2
Let c(r) = -r**3 + 14*r**2 + 12*r + 23. Let p be c(17). What is the tens digit of (-6 + 0)*(p/(-12))/(-5)?
6
Suppose -5*p = 3*x - 971, 6*x = 7*x - p - 313. What is the tens digit of x?
1
What is the thousands digit of (-3)/((30/(-36) + 0)*9/2780)?
1
Let b = 6848 - -992. What is the tens digit of b?
4
Suppose -22*f - 55*f = -61*f - 175680. What is the units digit of f?
0
Let h = -3533 - -4528. What is the tens digit of h?
9
Suppose f + 10*z - 8618 = 8*z, 0 = -4*f - z + 34465. Suppose -27*n - f = -39*n. What is the hundreds digit of n?
7
Let a = 225 + 3306. What is the units digit of a?
1
Let d(r) = -11 - r**3 - 6*r**2 + 13 - 1 + 6*r. Let p be d(-7). What is the units digit of p*(-10)/(-36) - (-12)/(-54)?
2
Let d(t) = 15*t + 47. Let l be d(5). Suppose 0*c = c + 6. Let o = l + c. What is the tens digit of o?
1
Let x be -7 + (-988)/(-3) + (-2)/6. Suppose x + 323 = 5*v. Suppose v = 3*s + 105. What is the units digit of s?
8
Suppose -3*d = -2*u - 118, u = -0*u + d - 60. Let m = u - -60. What is the units digit of (-10)/(-15) - m/6?
1
Let h(d) = -196*d + 2. What is the units digit of h(-23)?
0
Suppose -1747*o + 1709*o = -629394. What is the tens digit of o?
6
Let d(b) = 4 + 1 + 1 - b**2 + 19*b - 8. Let x = 197 + -185. What is the tens digit of d(x)?
8
Let j = -2073 - -7852. What is the thousands digit of j?
5
Suppose 0 = -1571*u + 1569*u + 19798. What is the thousands digit of u?
9
Let l be (-39 - -41)*(-1 - 0 - -3). Suppose l*m - 3*t = 456, -5*m + 335 = 2*t - 212. What is the tens digit of m?
1
Let z = -70 + 64. What is the hundreds digit of ((-2 - z) + (-66)/15)*-340?
1
Let o = 3138 + -1623. Suppose -5*p + 3841 = 2*m + o, 0 = 4*m + 8. What is the tens digit of p?
6
Let i be -1 + (-15)/(-4) - (-6)/(-8). Suppose i*a - 3855 = -3*a + 2*f, 3*a - 3*f = 2304. What is the hundreds digit of a?
7
Let c be (-4 - (-36)/8)*-2*-4. Suppose 129 = c*x - 599. Suppose -5*s - x = -z, 0*z + 4*z - 3*s - 745 = 0. What is the hundreds digit of z?
1
Let c be 2 + -4*9/(-12). Let w = 11 - c. What is the units digit of 15/w*(-14)/(-35) + 130?
1
Let u(x) = -x + 17. Let g be u(6). Suppose 12*f - g*f = -4. Let b(y) = -25*y - 16. What is the tens digit of b(f)?
8
Let o = -57 - -57. Suppose -17*p + 4*p + 1508 = o. What is the units digit of p?
6
Let t(b) = 6*b - 37. Let z be (-46)/(-6) - 9/(54/4). Let h be t(z). Suppose -62 = h*i - 762. What is the hundreds digit of i?
1
Let v(a) = -a**2 - 15 + 188*a - 214*a + 12 + 47. What is the units digit of v(-12)?
2
Let c(v) = 7*v**2 - 12*v + 3. Let i be c(-6). Let z = i - 204. Suppose 5*b - 101 = -3*h, h + 3*b = 6*h - z. What is the tens digit of h?
2
What is the tens digit of (0 - -1 - -1)*(21 - 54977/(-26))?
7
Let j(n) = -11*n + 56. Let b be j(8). Let q = 111 - b. What is the units digit of q?
3
Let t = 49 - -119. Let b be ((-210)/t)/((1 + 1)/8). What is the hundreds digit of (-3)/(((-45)/(-501))/b)?
1
What is the units digit of 100*(-18 + 8 - -22)?
0
Suppose 6*y - 4691 = 1579. Let w = y - 374. What is the hundreds digit of w?
6
Suppose -i + 123 = -3*t, 245 - 33 = -5*t + 4*i. Let y be (15/(-9))/(t/144). Suppose l - 176 = y*r - 8*r, -2*r = 4*l - 170. What is the units digit of r?
9
Suppose -l + g - 26 = 0, 25 = 5*l - 2*g + 170. Let a = -45 - l. Let t = a - -33. What is the units digit of t?
9
Suppose -4*t - 108480 = -4*q - 38308, 4*t = -4*q + 70228. What is the tens digit of q?
5
Let v = 321 - 279. Suppose 162*q - 161*q - v = 0. What is the units digit of q?
2
Let g(b) = -b**2 + 13*b - 45. Let y be g(9). Let q(d) = d**3 + 12*d**2 - 4*d + 14. What is the tens digit of q(y)?
9
What is the tens digit of (1/2)/(-1) + (-8823996)/(-1656)?
2
Let b = 27 + -23. Suppose 0 = -3*v - 0*v - b*z - 10, -3*v + 18 = -3*z. Suppose -v*j = -2 - 88. What is the units digit of j?
5
Let a be 1*-6 - (5 - 23). What is the tens digit of (1077/a)/((-3)/(-12))?
5
Let v = -54725 + 95482. What is the hundreds digit of v?
7
Let u = 71086 - 48731. What is the thousands digit of u?
2
Let o(v) = -545*v - 1548. What is the thousands digit of o(-16)?
7
Suppose -2*n + 4764 + 4540 = -3*y, -27902 = -6*n + 4*y. What is the hundreds digit of n?
6
Let w = 5626 + -3787. Let s = w + -39. What is the thousands digit of s?
1
Suppose y + 4*y - 5*m + 5 = 0, -4 = -4*y - 4*m. Suppose y = 4*n + 4. What is the hundreds digit of 213 - (6 + -5)/n?
2
Suppose t = 8*t + 630. Let g = 455 - t. What is the units digit of g?
5
Let u = 96 - 89. Let q(f) = 3*f**3 - 18*f**2 + 97*f - 4. What is the hundreds digit of q(u)?
8
Let c = -47 - 25. What is the tens digit of -2 - 31376/c - 2/(-9)?
3
Let p be (-319)/44 + 3/12. Let w(b) = 5*b + 106. What is the tens digit of w(p)?
7
Suppose -11*a + 15*a + 5*v = 2341, 0 = 3*a - v - 1732. Let w be (4/3)/((-2)/(-3)). Suppose -4*i - 591 = -5*r, -5*r = i - w*i - a. What is the units digit of r?
5
Suppose -5 = 4*z + 3. Let n(y) be the first derivative of -39*y**2/2 + 1392. What is the units digit of n(z)?
8
Suppose 0 = -5*l - 5*n + 15, -2*n = -0 + 2. Let z(s) = s**3. Let i(m) = 3*m**3 + 8*m**2 - 12*m + 15. Let h(d) = l*z(d) - i(d). What is the tens digit of h(7)?
2
Let y be (-2)/((-6)/195) - 20/5. Let t = y + 442. What is the units digit of t?
3
Let t be 13/52 - (-2 + (-2)/(-8)). Suppose -46 = t*s - 34. What is the tens digit of 27*6/(-27)*s?
3
Suppose -5*b = -5*u - 20495, -11*b + 8*b + 12297 = -2*u. What is the hundreds digit of b?
0
Suppose 2*u - 89 = 5*u + k, 5*u = -5*k - 155. Let s(t) = -2*t**2 - 68*t + 35. What is the hundreds digit of s(u)?
3
Suppose -148*z + 930 = -142*z. Let n = 264 - z. What is the tens digit of n?
0
Let b = -118420 - -167135. What is the ten thousands digit of b?
4
Suppose 3*o + 4*q + 4 = 7*o, o + q = 7. Suppose 2*c - u + 1143 = -c, o*c - 4*u + 1516 = 0. Let t = -204 - c. What is the tens digit of t?
7
Let b(i) = 19*i - 2*i**2 - 13 + 9*i**2 + i**3 - 6*i**2 - 9*i**2. What is the tens digit of b(7)?
7
What is the hundreds digit of (-605 - -1)/(3/(-1)*275/104775)?
7
Suppose -5*n + 4*k = -35, 5*n + 0*n + 5 = -4*k. Suppose n*l + 2*f - 259 = 0, -5*l + 5*f = -99 - 341. What is the units digit of (l + -1)/(15/15)?
6
Suppose -4*f - 20*f = 0. Suppose f = 18*z - 15*z - 1800. What is the tens digit of z?
0
Let f(b) = -4*b - 15. Let v be f(-24). Let m = v - 72. Suppose -m*q = -16*q + 966. What is the tens digit of q?
3
Let x = 6432 + 26977. What is the ten thousands digit of x?
3
Suppose 538*x = 543*x - 59810. Suppose 0 = 23*u - 9175 - x. What is the hundreds digit of u?
9
Let o(c) = -c**2 + 17*c + 8. Let d be o(17). Let l be (-2 - (-28)/(-6)) + d/12. Let q(n) = -11*n - 9. What is the tens digit of q(l)?
5
Suppose 384*r = 389*r - 685. Suppose 0 = -s - n + r, -s + n + 10 + 135 = 0. What is the tens digit of s?
4
Let n(f) = 16 - 9*f - 14*f + 2*f**2 + 2 - 29*f. What is the tens digit of n(26)?
1
Suppose 1623636 = 27*c + 24*c. What is the units digit of c?
6
Suppose -3*l + 12 + 3 = -3*t, -5*t - 25 = 0. Suppose 39*s - 23*s - 1552 = l. What is the units digit of s?
7
Suppose -56*y = -20*y - 22860. Suppose 760 = 3*q - 3*r - y, -12 = 4*r. What is the units digit of q?
2
Suppose 432 = 6*o + 492. What is the thousands digit of (3 + -144 - 3)*85/o?
1
Let r = 98 - -38. Suppose -129*i + r*i = 9436. What is the tens digit of i?
4
Suppose 20*j = 17*j - 6. Let f be (j + 1)/(19/(-57)). Suppose -m = 2*v - 55, f*v = m - 2*v - 76. What is the tens digit of m?
6
Let q = -2869 - -10438. What is the tens digit of q?
6
Let x be (9 - (12 - 5))*(-28